3017795 a multiple of 947?
True
Is 346 a factor of 36625235?
False
Is 100105784 a multiple of 1062?
False
Does 825 divide 454071525?
False
Is 11135936 a multiple of 94?
False
Is 404 a factor of 31542300?
True
Is 230868057 a multiple of 19?
False
Is 3234 a factor of 72792090?
False
Is 384 a factor of 25650432?
True
Is 8970773 a multiple of 59?
True
Does 45 divide 142843770?
True
Is 5669 a factor of 249456578?
False
Does 58 divide 351395780?
False
Does 229 divide 1388665?
False
Does 51 divide 15546475?
False
Is 180 a factor of 65689380?
True
Does 638 divide 299797721?
False
Is 87 a factor of 35186541?
True
Does 31 divide 50812918?
False
Is 3241065 a multiple of 219?
False
Is 32 a factor of 133196320?
True
Is 96093859 a multiple of 34?
False
Is 7124944 a multiple of 404?
True
Is 227877468 a multiple of 172?
True
Is 1370565642 a multiple of 1182?
True
Is 56 a factor of 150089869?
False
Is 2604 a factor of 629162856?
True
Is 395368 a multiple of 146?
True
Is 101 a factor of 81281726?
False
Does 5208 divide 459494104?
False
Does 213 divide 16096197?
True
Is 71 a factor of 1196967416?
True
Does 943 divide 71183298?
True
Is 1625 a factor of 7504893?
False
Does 1751 divide 1217739954?
True
Is 2838256827 a multiple of 3081?
False
Does 6 divide 510491?
False
Does 6 divide 19735144?
False
Is 347 a factor of 517302048?
True
Is 63 a factor of 49102827?
False
Does 4058 divide 426629714?
True
Does 676 divide 32999616?
True
Is 18 a factor of 13034538?
True
Is 29053614 a multiple of 807?
True
Is 9 a factor of 390225983?
False
Is 15 a factor of 45763785?
True
Is 108 a factor of 9075151?
False
Is 4164 a factor of 733788408?
True
Does 338 divide 68489507?
False
Does 3133 divide 173509628?
False
Does 1144 divide 64600402?
False
Does 28 divide 2621192436?
False
Does 101 divide 105457231?
True
Is 90 a factor of 16174350?
True
Does 531 divide 1640259?
True
Is 1261279885 a multiple of 499?
True
Does 5433 divide 884022973?
False
Is 45 a factor of 55541160?
True
Does 37 divide 2397583566?
False
Is 2 a factor of 107620651?
False
Is 93783545 a multiple of 71?
True
Does 253 divide 10558884?
False
Does 312 divide 4034692272?
True
Does 34 divide 720630816?
True
Does 8099 divide 1612518999?
True
Is 17 a factor of 60457389?
True
Does 558 divide 44570808?
True
Is 373 a factor of 121949066?
False
Is 19 a factor of 183603840?
True
Is 434116519 a multiple of 2121?
False
Is 21 a factor of 866940648?
True
Does 3137 divide 1459992600?
False
Is 18079754 a multiple of 6?
False
Is 377 a factor of 2721533132?
False
Does 58 divide 267790848?
False
Is 314 a factor of 352424808?
True
Is 1265 a factor of 214860855?
False
Is 14506440 a multiple of 130?
True
Is 364 a factor of 126404966?
False
Is 404095540 a multiple of 20?
True
Is 332411871 a multiple of 517?
True
Does 17 divide 13325416?
True
Is 127 a factor of 342068531?
True
Does 36 divide 4268196?
True
Is 137886473 a multiple of 71?
True
Is 15 a factor of 2614498725?
True
Does 1239 divide 2427201?
True
Is 159870540 a multiple of 2419?
False
Is 4577862926 a multiple of 182?
True
Does 3315 divide 45717165?
True
Does 60 divide 216568680?
True
Is 222 a factor of 20560319?
False
Is 128848431 a multiple of 36?
False
Does 10 divide 22602967?
False
Is 37237349 a multiple of 45?
False
Is 244 a factor of 36654168?
True
Is 157 a factor of 11604341?
True
Is 100 a factor of 2039912907?
False
Is 2348289101 a multiple of 4847?
True
Is 36 a factor of 284190300?
True
Is 63158992 a multiple of 1166?
False
Does 547 divide 434702541?
True
Is 539272133 a multiple of 2567?
False
Is 54 a factor of 129158630?
False
Does 4863 divide 134850990?
True
Is 75554304 a multiple of 42?
True
Does 933 divide 22941537?
True
Is 4202829192 a multiple of 12?
True
Is 165214754 a multiple of 300?
False
Does 8 divide 23135123?
False
Is 3760843275 a multiple of 2955?
True
Is 1041 a factor of 779082724?
False
Is 25 a factor of 9476091?
False
Does 106 divide 14517018?
True
Is 283 a factor of 346397655?
False
Does 127 divide 204330427?
True
Does 571 divide 28922531?
False
Is 27 a factor of 1588675?
False
Is 93413280 a multiple of 2130?
True
Is 9300454 a multiple of 246?
False
Is 50 a factor of 1420090457?
False
Is 9 a factor of 358330189?
False
Does 1417 divide 180590982?
True
Does 218 divide 168364234?
True
Does 7 divide 24539383?
False
Is 391 a factor of 186145325?
True
Does 118 divide 190911846?
True
Is 485 a factor of 143919311?
False
Does 95 divide 69882190?
True
Does 153 divide 16120386?
True
Is 86 a factor of 20517891?
False
Does 21 divide 139139510?
False
Is 269955876 a multiple of 6?
True
Is 5396 a factor of 968225000?
False
Is 220 a factor of 53883655?
False
Is 14 a factor of 49301779?
False
Does 47 divide 428055743?
True
Does 905 divide 54081895?
True
Is 5959440 a multiple of 20?
True
Is 67719704 a multiple of 136?
True
Does 687 divide 11127339?
True
Is 101 a factor of 16657223?
True
Is 23667869 a multiple of 62?
False
Is 320 a factor of 94821232?
False
Does 541 divide 57085328?
False
Does 558 divide 57478464?
True
Does 482 divide 22011963?
False
Does 87 divide 46885866?
True
Is 25865190 a multiple of 135?
True
Does 2 divide 59912671?
False
Is 6244750 a multiple of 10?
True
Does 352 divide 15470330?
False
Does 93 divide 233511561?
True
Is 527619684 a multiple of 2723?
False
Is 288194373 even?
False
Is 5925108 a multiple of 28?
True
Is 68783468 a multiple of 296?
False
Does 1302 divide 309411186?
True
Is 2007 a factor of 1010207274?
False
Does 35 divide 29776724?
False
Is 26913933 a multiple of 9?
True
Is 2004217536 a multiple of 64?
True
Is 2231853744 a multiple of 424?
True
Is 733785 a multiple of 144?
False
Does 1407 divide 70035296?
False
Is 119230020 a multiple of 1170?
True
Does 4155 divide 267731580?
True
Is 3803397 a multiple of 275?
False
Is 59233306 a multiple of 22?
True
Is 93 a factor of 2556256025?
False
Does 16 divide 47164864?
True
Does 1546 divide 133817750?
False
Does 10 divide 567462550?
True
Does 334 divide 13628028?
False
Is 215 a factor of 400871370?
True
Is 147456128 a multiple of 736?
True
Is 462 a factor of 205563204?
True
Is 784805770 a multiple of 161?
True
Is 14 a factor of 28271054?
True
Is 89291260 a multiple of 20?
True
Does 229 divide 296983688?
True
Is 117480159 a multiple of 90?
False
Is 29156652 a multiple of 126?
True
Is 156 a factor of 181071757?
False
Is 843144461 a multiple of 6?
False
Does 36 divide 1444460594?
False
Does 37 divide 55028954?
False
Is 3306660 a multiple of 189?
False
Is 270 a factor of 931634385?
False
Is 1650264298 a multiple of 16?
False
Is 2253440 a multiple of 160?
True
Is 36 a factor of 68272560?
True
Is 1063665418 a multiple of 136?
False
Is 114 a factor of 39331368?
True
Is 4 a factor of 1867533?
False
Is 3258 a factor of 88483687?
False
Is 14049376 a multiple of 167?
True
Is 4147 a factor of 394239857?
False
Is 121173553 a multiple of 1010?
False
Is 21 a factor of 277713408?
True
Is 101005789 a multiple of 25?
False
Is 339500160 a multiple of 486?
True
Is 32164972 a multiple of 14?
True
Is 943514832 a multiple of 2334?
True
Is 4764275573 a multiple of 1811?
True
Is 3444756 a multiple of 11?
False
Is 724409832 a multiple of 12?
True
Does 211 divide 100880912?
False
Does 57 divide 4914654?
True
Is 362 a factor of 27420556?
False
Is 133582930 a multiple of 65?
True
Is 5 a factor of 327737535?
True
Does 195 divide 819619602?
False
Does 362 divide 112661662?
False
Is 13 a factor of 2806396970?
True
Is 1334 a factor of 8379256?
False
Is 849636896 a multiple of 32?
True
Does 8 divide 7634311?
False
Does 4 divide 91744716?
True
Is 1118597966 a multiple of 40?
False
Does 3044 divide 2135128568?
True
Does 154 divide 7633318?
True
Is 225523903 a multiple of 2911?
True
Is 1503 a factor of 84435534?
True
Is 16 a factor of 10559664?
True
Does 511 divide 61823815?
False
Does 25 divide 44412325?
True
Is 30 a factor of 31023102?
False
Is 110529672 a multiple of 721?
False
Does 124 divide 568774210?
False
Is 1132405675 a multiple of 5485?
True
Does 1001 divide 1339338?
True
Does 823 divide 45945621?
True
Is 593451612 a multiple of 897?
True
Does 8727 divide 1029808625?
False
Is 2683808330 a multiple of 78?
False
Is 70 a factor of 34953901?
False
Does 58 divide 567500594?
True
Is 934 a factor of 2249671203?
False
Is 122 a fact